{"id":3465,"date":"2022-01-09T16:47:08","date_gmt":"2022-01-09T16:47:08","guid":{"rendered":"https:\/\/aquasystembih.com\/?post_type=product&#038;p=3465"},"modified":"2022-01-09T16:47:40","modified_gmt":"2022-01-09T16:47:40","slug":"control-box-upravljaca-kutija-ma-2","status":"publish","type":"product","link":"https:\/\/aquasystembih.com\/index.php\/product\/control-box-upravljaca-kutija-ma-2\/","title":{"rendered":"CONTROL BOX \u2013 UPRAVLJA\u010cA KUTIJA MA-2"},"content":{"rendered":"<p>Radni uslovi:<br \/>\nNazivni ulazni napon: AC220V \/ 50Hz-60Hz.<br \/>\nNazivna izlazna snaga: 0.18-1.5KW.<br \/>\nVrsta za\u0161tite: IP44.<br \/>\nRadna temperatura: -25 ~ + 55\u00baC.<br \/>\nRadna vla\u017enost: 20% ~ 90%, bez kondenzacije.<br \/>\nZa\u0161tita od preoptere\u0107enja Motor je zaustavio za\u0161titu.<br \/>\nZa\u0161tita od rada na suho sa senzorom bez za\u0161tite<br \/>\nPodnaponska za\u0161tita.<br \/>\nZa\u0161tita od prenapona<br \/>\nPodnaponska za\u0161tita<br \/>\nPrijelazna za\u0161tita od prenapona<br \/>\nFunkcija memorije kada se isklju\u010di i obnovi LCD zaslon koji prikazuje status rada pumpe<br \/>\nPrikazuje se pumpe posljednjih pet gre\u0161aka<br \/>\nKalibracija gumba<br \/>\nRezervirani prostor za ugradnju kondenzatora za pokretanje pumpe<br \/>\nDimenzije: 152 * 132 * 70 mm<\/p>\n<p>Modeli:<br \/>\n0.75kw<br \/>\n1.1kw<\/p>\n","protected":false},"excerpt":{"rendered":"<p>Radni uslovi: Nazivni ulazni napon: AC220V \/ 50Hz-60Hz. Nazivna izlazna snaga: 0.18-1.5KW. Vrsta za\u0161tite: IP44. Radna temperatura: -25 ~ + 55\u00baC. Radna vla\u017enost: 20% ~ 90%, bez kondenzacije. Za\u0161tita od preoptere\u0107enja Motor je zaustavio za\u0161titu. Za\u0161tita od rada na suho sa senzorom bez za\u0161tite Podnaponska za\u0161tita. Za\u0161tita od prenapona Podnaponska za\u0161tita Prijelazna za\u0161tita od prenapona [&hellip;]<\/p>\n","protected":false},"featured_media":3466,"template":"","meta":[],"product_cat":[182,177],"product_tag":[],"class_list":{"0":"post-3465","1":"product","2":"type-product","3":"status-publish","4":"has-post-thumbnail","6":"product_cat-inverteri-i-upravljacki-ormari","7":"product_cat-oprema-za-pumpe","9":"first","10":"instock","11":"taxable","12":"shipping-taxable","13":"product-type-simple"},"yoast_head":"<!-- This site is optimized with the Yoast SEO plugin v23.5 - https:\/\/yoast.com\/wordpress\/plugins\/seo\/ -->\n<title>CONTROL BOX \u2013 UPRAVLJA\u010cA KUTIJA MA-2 - AQUA SYSTEM<\/title>\n<meta name=\"robots\" content=\"index, follow, max-snippet:-1, max-image-preview:large, max-video-preview:-1\" \/>\n<link rel=\"canonical\" href=\"https:\/\/aquasystembih.com\/index.php\/product\/control-box-upravljaca-kutija-ma-2\/\" \/>\n<meta property=\"og:locale\" content=\"en_US\" \/>\n<meta property=\"og:type\" content=\"article\" \/>\n<meta property=\"og:title\" content=\"CONTROL BOX \u2013 UPRAVLJA\u010cA KUTIJA MA-2 - AQUA SYSTEM\" \/>\n<meta property=\"og:description\" content=\"Radni uslovi: Nazivni ulazni napon: AC220V \/ 50Hz-60Hz. Nazivna izlazna snaga: 0.18-1.5KW. Vrsta za\u0161tite: IP44. Radna temperatura: -25 ~ + 55\u00baC. Radna vla\u017enost: 20% ~ 90%, bez kondenzacije. Za\u0161tita od preoptere\u0107enja Motor je zaustavio za\u0161titu. Za\u0161tita od rada na suho sa senzorom bez za\u0161tite Podnaponska za\u0161tita. Za\u0161tita od prenapona Podnaponska za\u0161tita Prijelazna za\u0161tita od prenapona [&hellip;]\" \/>\n<meta property=\"og:url\" content=\"https:\/\/aquasystembih.com\/index.php\/product\/control-box-upravljaca-kutija-ma-2\/\" \/>\n<meta property=\"og:site_name\" content=\"AQUA SYSTEM\" \/>\n<meta property=\"article:publisher\" content=\"https:\/\/www.facebook.com\/aquasystemdoo\" \/>\n<meta property=\"article:modified_time\" content=\"2022-01-09T16:47:40+00:00\" \/>\n<meta property=\"og:image\" content=\"https:\/\/aquasystembih.com\/wp-content\/uploads\/2022\/01\/2022-01-09_17-45.png\" \/>\n\t<meta property=\"og:image:width\" content=\"423\" \/>\n\t<meta property=\"og:image:height\" content=\"395\" \/>\n\t<meta property=\"og:image:type\" content=\"image\/png\" \/>\n<meta name=\"twitter:card\" content=\"summary_large_image\" \/>\n<meta name=\"twitter:label1\" content=\"Est. reading time\" \/>\n\t<meta name=\"twitter:data1\" content=\"1 minute\" \/>\n<script type=\"application\/ld+json\" class=\"yoast-schema-graph\">{\"@context\":\"https:\/\/schema.org\",\"@graph\":[{\"@type\":\"WebPage\",\"@id\":\"https:\/\/aquasystembih.com\/index.php\/product\/control-box-upravljaca-kutija-ma-2\/\",\"url\":\"https:\/\/aquasystembih.com\/index.php\/product\/control-box-upravljaca-kutija-ma-2\/\",\"name\":\"CONTROL BOX \u2013 UPRAVLJA\u010cA KUTIJA MA-2 - AQUA SYSTEM\",\"isPartOf\":{\"@id\":\"https:\/\/aquasystembih.com\/#website\"},\"primaryImageOfPage\":{\"@id\":\"https:\/\/aquasystembih.com\/index.php\/product\/control-box-upravljaca-kutija-ma-2\/#primaryimage\"},\"image\":{\"@id\":\"https:\/\/aquasystembih.com\/index.php\/product\/control-box-upravljaca-kutija-ma-2\/#primaryimage\"},\"thumbnailUrl\":\"https:\/\/aquasystembih.com\/wp-content\/uploads\/2022\/01\/2022-01-09_17-45.png\",\"datePublished\":\"2022-01-09T16:47:08+00:00\",\"dateModified\":\"2022-01-09T16:47:40+00:00\",\"breadcrumb\":{\"@id\":\"https:\/\/aquasystembih.com\/index.php\/product\/control-box-upravljaca-kutija-ma-2\/#breadcrumb\"},\"inLanguage\":\"en-US\",\"potentialAction\":[{\"@type\":\"ReadAction\",\"target\":[\"https:\/\/aquasystembih.com\/index.php\/product\/control-box-upravljaca-kutija-ma-2\/\"]}]},{\"@type\":\"ImageObject\",\"inLanguage\":\"en-US\",\"@id\":\"https:\/\/aquasystembih.com\/index.php\/product\/control-box-upravljaca-kutija-ma-2\/#primaryimage\",\"url\":\"https:\/\/aquasystembih.com\/wp-content\/uploads\/2022\/01\/2022-01-09_17-45.png\",\"contentUrl\":\"https:\/\/aquasystembih.com\/wp-content\/uploads\/2022\/01\/2022-01-09_17-45.png\",\"width\":423,\"height\":395},{\"@type\":\"BreadcrumbList\",\"@id\":\"https:\/\/aquasystembih.com\/index.php\/product\/control-box-upravljaca-kutija-ma-2\/#breadcrumb\",\"itemListElement\":[{\"@type\":\"ListItem\",\"position\":1,\"name\":\"Home\",\"item\":\"https:\/\/aquasystembih.com\/\"},{\"@type\":\"ListItem\",\"position\":2,\"name\":\"Shop\",\"item\":\"https:\/\/aquasystembih.com\/index.php\/shop\/\"},{\"@type\":\"ListItem\",\"position\":3,\"name\":\"CONTROL BOX \u2013 UPRAVLJA\u010cA KUTIJA MA-2\"}]},{\"@type\":\"WebSite\",\"@id\":\"https:\/\/aquasystembih.com\/#website\",\"url\":\"https:\/\/aquasystembih.com\/\",\"name\":\"Aqua System\",\"description\":\"SHOWROOM\",\"potentialAction\":[{\"@type\":\"SearchAction\",\"target\":{\"@type\":\"EntryPoint\",\"urlTemplate\":\"https:\/\/aquasystembih.com\/?s={search_term_string}\"},\"query-input\":{\"@type\":\"PropertyValueSpecification\",\"valueRequired\":true,\"valueName\":\"search_term_string\"}}],\"inLanguage\":\"en-US\"}]}<\/script>\n<!-- \/ Yoast SEO plugin. -->","yoast_head_json":{"title":"CONTROL BOX \u2013 UPRAVLJA\u010cA KUTIJA MA-2 - AQUA SYSTEM","robots":{"index":"index","follow":"follow","max-snippet":"max-snippet:-1","max-image-preview":"max-image-preview:large","max-video-preview":"max-video-preview:-1"},"canonical":"https:\/\/aquasystembih.com\/index.php\/product\/control-box-upravljaca-kutija-ma-2\/","og_locale":"en_US","og_type":"article","og_title":"CONTROL BOX \u2013 UPRAVLJA\u010cA KUTIJA MA-2 - AQUA SYSTEM","og_description":"Radni uslovi: Nazivni ulazni napon: AC220V \/ 50Hz-60Hz. Nazivna izlazna snaga: 0.18-1.5KW. Vrsta za\u0161tite: IP44. Radna temperatura: -25 ~ + 55\u00baC. Radna vla\u017enost: 20% ~ 90%, bez kondenzacije. Za\u0161tita od preoptere\u0107enja Motor je zaustavio za\u0161titu. Za\u0161tita od rada na suho sa senzorom bez za\u0161tite Podnaponska za\u0161tita. Za\u0161tita od prenapona Podnaponska za\u0161tita Prijelazna za\u0161tita od prenapona [&hellip;]","og_url":"https:\/\/aquasystembih.com\/index.php\/product\/control-box-upravljaca-kutija-ma-2\/","og_site_name":"AQUA SYSTEM","article_publisher":"https:\/\/www.facebook.com\/aquasystemdoo","article_modified_time":"2022-01-09T16:47:40+00:00","og_image":[{"width":423,"height":395,"url":"https:\/\/aquasystembih.com\/wp-content\/uploads\/2022\/01\/2022-01-09_17-45.png","type":"image\/png"}],"twitter_card":"summary_large_image","twitter_misc":{"Est. reading time":"1 minute"},"schema":{"@context":"https:\/\/schema.org","@graph":[{"@type":"WebPage","@id":"https:\/\/aquasystembih.com\/index.php\/product\/control-box-upravljaca-kutija-ma-2\/","url":"https:\/\/aquasystembih.com\/index.php\/product\/control-box-upravljaca-kutija-ma-2\/","name":"CONTROL BOX \u2013 UPRAVLJA\u010cA KUTIJA MA-2 - AQUA SYSTEM","isPartOf":{"@id":"https:\/\/aquasystembih.com\/#website"},"primaryImageOfPage":{"@id":"https:\/\/aquasystembih.com\/index.php\/product\/control-box-upravljaca-kutija-ma-2\/#primaryimage"},"image":{"@id":"https:\/\/aquasystembih.com\/index.php\/product\/control-box-upravljaca-kutija-ma-2\/#primaryimage"},"thumbnailUrl":"https:\/\/aquasystembih.com\/wp-content\/uploads\/2022\/01\/2022-01-09_17-45.png","datePublished":"2022-01-09T16:47:08+00:00","dateModified":"2022-01-09T16:47:40+00:00","breadcrumb":{"@id":"https:\/\/aquasystembih.com\/index.php\/product\/control-box-upravljaca-kutija-ma-2\/#breadcrumb"},"inLanguage":"en-US","potentialAction":[{"@type":"ReadAction","target":["https:\/\/aquasystembih.com\/index.php\/product\/control-box-upravljaca-kutija-ma-2\/"]}]},{"@type":"ImageObject","inLanguage":"en-US","@id":"https:\/\/aquasystembih.com\/index.php\/product\/control-box-upravljaca-kutija-ma-2\/#primaryimage","url":"https:\/\/aquasystembih.com\/wp-content\/uploads\/2022\/01\/2022-01-09_17-45.png","contentUrl":"https:\/\/aquasystembih.com\/wp-content\/uploads\/2022\/01\/2022-01-09_17-45.png","width":423,"height":395},{"@type":"BreadcrumbList","@id":"https:\/\/aquasystembih.com\/index.php\/product\/control-box-upravljaca-kutija-ma-2\/#breadcrumb","itemListElement":[{"@type":"ListItem","position":1,"name":"Home","item":"https:\/\/aquasystembih.com\/"},{"@type":"ListItem","position":2,"name":"Shop","item":"https:\/\/aquasystembih.com\/index.php\/shop\/"},{"@type":"ListItem","position":3,"name":"CONTROL BOX \u2013 UPRAVLJA\u010cA KUTIJA MA-2"}]},{"@type":"WebSite","@id":"https:\/\/aquasystembih.com\/#website","url":"https:\/\/aquasystembih.com\/","name":"Aqua System","description":"SHOWROOM","potentialAction":[{"@type":"SearchAction","target":{"@type":"EntryPoint","urlTemplate":"https:\/\/aquasystembih.com\/?s={search_term_string}"},"query-input":{"@type":"PropertyValueSpecification","valueRequired":true,"valueName":"search_term_string"}}],"inLanguage":"en-US"}]}},"_links":{"self":[{"href":"https:\/\/aquasystembih.com\/index.php\/wp-json\/wp\/v2\/product\/3465","targetHints":{"allow":["GET"]}}],"collection":[{"href":"https:\/\/aquasystembih.com\/index.php\/wp-json\/wp\/v2\/product"}],"about":[{"href":"https:\/\/aquasystembih.com\/index.php\/wp-json\/wp\/v2\/types\/product"}],"wp:featuredmedia":[{"embeddable":true,"href":"https:\/\/aquasystembih.com\/index.php\/wp-json\/wp\/v2\/media\/3466"}],"wp:attachment":[{"href":"https:\/\/aquasystembih.com\/index.php\/wp-json\/wp\/v2\/media?parent=3465"}],"wp:term":[{"taxonomy":"product_cat","embeddable":true,"href":"https:\/\/aquasystembih.com\/index.php\/wp-json\/wp\/v2\/product_cat?post=3465"},{"taxonomy":"product_tag","embeddable":true,"href":"https:\/\/aquasystembih.com\/index.php\/wp-json\/wp\/v2\/product_tag?post=3465"}],"curies":[{"name":"wp","href":"https:\/\/api.w.org\/{rel}","templated":true}]}}